r when 712 is divided by 80?
72
What is the remainder when 3736 is divided by 6?
4
What is the remainder when 56 is divided by 42?
14
What is the remainder when 63 is divided by 24?
15
Calculate the remainder when 397 is divided by 8.
5
What is the remainder when 302 is divided by 84?
50
Calculate the remainder when 261 is divided by 67.
60
What is the remainder when 91 is divided by 23?
22
Calculate the remainder when 5659 is divided by 333.
331
Calculate the remainder when 359 is divided by 19.
17
Calculate the remainder when 285 is divided by 181.
104
Calculate the remainder when 133 is divided by 47.
39
What is the remainder when 45 is divided by 5?
0
What is the remainder when 1591 is divided by 765?
61
Calculate the remainder when 581 is divided by 13.
9
What is the remainder when 26718 is divided by 8?
6
Calculate the remainder when 749 is divided by 248.
5
Calculate the remainder when 126 is divided by 5.
1
Calculate the remainder when 128 is divided by 62.
4
What is the remainder when 135 is divided by 43?
6
What is the remainder when 7249 is divided by 7?
4
Calculate the remainder when 117 is divided by 18.
9
What is the remainder when 495 is divided by 78?
27
Calculate the remainder when 14216 is divided by 27.
14
Calculate the remainder when 7436 is divided by 80.
76
What is the remainder when 618 is divided by 113?
53
What is the remainder when 89 is divided by 15?
14
What is the remainder when 662 is divided by 127?
27
Calculate the remainder when 211 is divided by 44.
35
Calculate the remainder when 15 is divided by 4.
3
Calculate the remainder when 6174 is divided by 15.
9
What is the remainder when 1235 is divided by 97?
71
Calculate the remainder when 117 is divided by 26.
13
What is the remainder when 68 is divided by 4?
0
Calculate the remainder when 99 is divided by 50.
49
Calculate the remainder when 18503 is divided by 4.
3
Calculate the remainder when 55 is divided by 9.
1
What is the remainder when 2289 is divided by 100?
89
What is the remainder when 261 is divided by 11?
8
Calculate the remainder when 29 is divided by 19.
10
What is the remainder when 121 is divided by 22?
11
Calculate the remainder when 5387 is divided by 12.
11
What is the remainder when 4497 is divided by 9?
6
What is the remainder when 2950 is divided by 110?
90
What is the remainder when 81 is divided by 7?
4
What is the remainder when 5867 is divided by 10?
7
Calculate the remainder when 389 is divided by 14.
11
Calculate the remainder when 374 is divided by 92.
6
Calculate the remainder when 164 is divided by 62.
40
What is the remainder when 20263 is divided by 7?
5
What is the remainder when 61 is divided by 22?
17
Calculate the remainder when 40678 is divided by 339.
337
Calculate the remainder when 133 is divided by 34.
31
What is the remainder when 4157 is divided by 63?
62
Calculate the remainder when 1017 is divided by 30.
27
Calculate the remainder when 457 is divided by 77.
72
What is the remainder when 365 is divided by 35?
15
Calculate the remainder when 2128 is divided by 26.
22
Calculate the remainder when 512 is divided by 103.
100
Calculate the remainder when 28 is divided by 21.
7
Calculate the remainder when 763 is divided by 9.
7
Calculate the remainder when 1507 is divided by 23.
12
Calculate the remainder when 98 is divided by 56.
42
What is the remainder when 606 is divided by 38?
36
What is the remainder when 808 is divided by 101?
0
What is the remainder when 5001 is divided by 239?
221
Calculate the remainder when 547 is divided by 265.
17
Calculate the remainder when 1195 is divided by 92.
91
Calculate the remainder when 45 is divided by 16.
13
What is the remainder when 471 is divided by 85?
46
What is the remainder when 2850 is divided by 31?
29
Calculate the remainder when 501 is divided by 47.
31
Calculate the remainder when 5847 is divided by 117.
114
What is the remainder when 574 is divided by 149?
127
What is the remainder when 172 is divided by 26?
16
Calculate the remainder when 22103 is divided by 72.
71
What is the remainder when 256 is divided by 60?
16
Calculate the remainder when 498 is divided by 11.
3
What is the remainder when 1119 is divided by 340?
99
Calculate the remainder when 124 is divided by 108.
16
Calculate the remainder when 9510 is divided by 7.
4
Calculate the remainder when 306 is divided by 2.
0
What is the remainder when 498 is divided by 59?
26
What is the remainder when 1778 is divided by 54?
50
What is the remainder when 97 is divided by 49?
48
What is the remainder when 7931 is divided by 990?
11
What is the remainder when 161 is divided by 27?
26
Calculate the remainder when 287 is divided by 166.
121
What is the remainder when 115 is divided by 20?
15
What is the remainder when 283 is divided by 5?
3
What is the remainder when 1724 is divided by 72?
68
What is the remainder when 244 is divided by 61?
0
Calculate the remainder when 78 is divided by 8.
6
What is the remainder when 262 is divided by 125?
12
What is the remainder when 4747 is divided by 216?
211
Calculate the remainder when 1642 is divided by 62.
30
Calculate the remainder when 408 is divided by 119.
51
What is the remainder when 179 is divided by 63?
53
Calculate the remainder when 99 is divided by 19.
4
What is the remainder when 194 is divided by 14?
12
What is the remainder when 249 is divided by 134?
115
What is the remainder when 303 is divided by 17?
14
Calculate the remainder when 18 is divided by 10.
8
What is the remainder when 559 is divided by 542?
17
Calculate the remainder when 195 is divided by 52.
39
What is the remainder when 9421 is divided by 31?
28
Calculate the remainder when 6717 is divided by 3353.
11
Calculate the remainder when 3998 is divided by 32.
30
What is the remainder when 83 is divided by 20?
3
What is the remainder when 139 is divided by 26?
9
What is the remainder when 768 is divided by 14?
12
Calculate the remainder when 406 is divided by 19.
7
Calculate the remainder when 94 is divided by 50.
44
Calculate the remainder when 65 is divided by 4.
1
Calculate the remainder when 1760 is divided by 41.
38
What is the remainder when 1077 is divided by 72?
69
Calculate the remainder when 1205 is divided by 36.
17
Calculate the remainder when 14 is divided by 5.
4
What is the remainder when 209 is divided by 18?
11
What is the remainder when 1088 is divided by 361?
5
Calculate the remainder when 49 is divided by 21.
7
What is the remainder when 243 is divided by 14?
5
What is the remainder when 3102 is divided by 115?
112
Calculate the remainder when 1300 is divided by 117.
13
Calculate the remainder when 199 is divided by 25.
24
What is the remainder when 83 is divided by 12?
11
What is the remainder when 977 is divided by 109?
105
What is the remainder when 698 is divided by 22?
16
What is the remainder when 139 is divided by 21?
13
What is the remainder when 35 is divided by 34?
1
Calculate the remainder when 333 is divided by 12.
9
What is the remainder when 5410 is divided by 22?
20
Calculate the remainder when 878 is divided by 436.
6
Calculate the remainder when 747 is divided by 34.
33
What is the remainder when 13819 is divided by 17?
15
Calculate the remainder when 6791 is divided by 679.
1
Calculate the remainder when 24236 is divided by 9.
8
Calculate the remainder when 3699 is divided by 74.
73
What is the remainder when 222 is divided by 25?
22
What is the remainder when 109 is divided by 48?
13
Calculate the remainder when 60 is divided by 32.
28
What is the remainder when 86 is divided by 6?
2
What is the remainder when 27330 is divided by 346?
342
Calculate the remainder when 1025 is divided by 14.
3
What is the remainder when 8 is divided by 6?
2
Calculate the remainder when 604 is divided by 32.
28
Calculate the remainder when 584 is divided by 152.
128
Calculate the remainder when 91 is divided by 24.
19
What is the remainder when 256 is divided by 12?
4
What is the remainder when 103 is divided by 15?
13
Calculate the remainder when 773 is divided by 30.
23
Calculate the remainder when 81 is divided by 3.
0
Calculate the remainder when 10247 is divided by 250.
247
Calculate the remainder when 31567 is divided by 22.
19
Calculate the remainder when 1352 is divided 